80.
742
Calculate the remainder when 2680 is divided by 267.
10
What is the remainder when 27134 is divided by 26?
16
Calculate the remainder when 9436 is divided by 1331.
119
What is the remainder when 2946 is divided by 38?
20
Calculate the remainder when 3721 is divided by 957.
850
Calculate the remainder when 6950 is divided by 445.
275
Calculate the remainder when 2737 is divided by 457.
452
What is the remainder when 106758 is divided by 2051?
106
What is the remainder when 1294 is divided by 81?
79
What is the remainder when 33408 is divided by 33399?
9
Calculate the remainder when 623 is divided by 195.
38
Calculate the remainder when 7353 is divided by 102.
9
What is the remainder when 4093 is divided by 126?
61
What is the remainder when 57763 is divided by 28?
27
What is the remainder when 288763 is divided by 207?
205
Calculate the remainder when 21359 is divided by 24.
23
What is the remainder when 1653 is divided by 585?
483
What is the remainder when 119606 is divided by 356?
346
Calculate the remainder when 8501 is divided by 267.
224
What is the remainder when 563509 is divided by 14?
9
What is the remainder when 106513 is divided by 82?
77
What is the remainder when 5183 is divided by 661?
556
Calculate the remainder when 57473 is divided by 103.
102
What is the remainder when 3346 is divided by 6?
4
What is the remainder when 1131669 is divided by 226333?
4
What is the remainder when 12993 is divided by 114?
111
What is the remainder when 1391 is divided by 418?
137
Calculate the remainder when 3896 is divided by 298.
22
What is the remainder when 2120335 is divided by 706775?
10
Calculate the remainder when 122021 is divided by 64.
37
Calculate the remainder when 18352 is divided by 81.
46
Calculate the remainder when 8850 is divided by 8797.
53
Calculate the remainder when 8110 is divided by 427.
424
Calculate the remainder when 3147 is divided by 18.
15
What is the remainder when 153811 is divided by 1411?
12
Calculate the remainder when 25231 is divided by 118.
97
What is the remainder when 567383 is divided by 23?
19
Calculate the remainder when 879799 is divided by 11.
8
What is the remainder when 12043 is divided by 16?
11
What is the remainder when 715 is divided by 361?
354
What is the remainder when 5680 is divided by 358?
310
Calculate the remainder when 22379 is divided by 62.
59
Calculate the remainder when 1043755 is divided by 429.
427
Calculate the remainder when 1111138 is divided by 277784.
2
Calculate the remainder when 52319 is divided by 31.
22
What is the remainder when 321477 is divided by 342?
339
Calculate the remainder when 3034 is divided by 3014.
20
What is the remainder when 204302 is divided by 454?
2
What is the remainder when 8496 is divided by 284?
260
Calculate the remainder when 3154 is divided by 141.
52
Calculate the remainder when 2624 is divided by 31.
20
Calculate the remainder when 146 is divided by 74.
72
What is the remainder when 457477 is divided by 41?
40
What is the remainder when 10077 is divided by 28?
25
Calculate the remainder when 1105 is divided by 127.
89
What is the remainder when 3274011 is divided by 41?
38
What is the remainder when 20339 is divided by 90?
89
What is the remainder when 3864 is divided by 55?
14
Calculate the remainder when 39122 is divided by 23.
22
What is the remainder when 6238531 is divided by 228?
223
Calculate the remainder when 19639 is divided by 94.
87
Calculate the remainder when 4073 is divided by 9.
5
Calculate the remainder when 220 is divided by 31.
3
What is the remainder when 7744 is divided by 40?
24
What is the remainder when 42921 is divided by 21332?
257
What is the remainder when 40957 is divided by 132?
37
What is the remainder when 61158 is divided by 20385?
3
Calculate the remainder when 18300 is divided by 596.
420
Calculate the remainder when 4286 is divided by 1422.
20
What is the remainder when 1834 is divided by 761?
312
What is the remainder when 1697 is divided by 739?
219
Calculate the remainder when 3177 is divided by 785.
37
Calculate the remainder when 8022 is divided by 175.
147
Calculate the remainder when 1216 is divided by 724.
492
Calculate the remainder when 221978 is divided by 27743.
34
What is the remainder when 1130131 is divided by 392?
387
What is the remainder when 41682 is divided by 13882?
36
Calculate the remainder when 14522 is divided by 1318.
24
Calculate the remainder when 2837 is divided by 1409.
19
What is the remainder when 1003002 is divided by 465?
462
What is the remainder when 10430 is divided by 9805?
625
What is the remainder when 16424 is divided by 2485?
1514
Calculate the remainder when 21536 is divided by 1041.
716
Calculate the remainder when 65148 is divided by 38.
16
Calculate the remainder when 592974 is divided by 21.
18
Calculate the remainder when 1015 is divided by 265.
220
Calculate the remainder when 13030141 is divided by 791.
789
Calculate the remainder when 15600 is divided by 5190.
30
What is the remainder when 31183 is divided by 3896?
15
Calculate the remainder when 3502 is divided by 1732.
38
Calculate the remainder when 48603 is divided by 33.
27
What is the remainder when 4100 is divided by 1990?
120
What is the remainder when 1319 is divided by 929?
390
Calculate the remainder when 77079 is divided by 15415.
4
Calculate the remainder when 2986 is divided by 8.
2
What is the remainder when 13783 is divided by 226?
223
What is the remainder when 191017 is divided by 1137?
1
What is the remainder when 17465 is divided by 1143?
320
What is the remainder when 767 is divided by 274?
219
What is the remainder when 115771 is divided by 192?
187
What is the remainder when 345030 is divided by 55?
15
Calculate the remainder when 389482 is divided by 305.
302
Calculate the remainder when 20031 is divided by 393.
381
What is the remainder when 69383 is divided by 13873?
18
What is the remainder when 9893 is divided by 4787?
319
Calculate the remainder when 206617 is divided by 206615.
2
What is the remainder when 2455 is divided by 48?
7
Calculate the remainder when 197748 is divided by 565.
563
What is the remainder when 5718 is divided by 104?
102
Calculate the remainder when 7798 is divided by 45.
13
What is the remainder when 109071 is divided by 10899?
81
Calculate the remainder when 992 is divided by 7.
5
Calculate the remainder when 20595 is divided by 347.
122
What is the remainder when 678639 is divided by 86?
13
What is the remainder when 23498 is divided by 20?
18
What is the remainder when 8828 is divided by 422?
388
Calculate the remainder when 4835 is divided by 1100.
435
What is the remainder when 10894 is divided by 726?
4
What is the remainder when 3077324 is divided by 407?
404
What is the remainder when 3144 is divided by 3093?
51
Calculate the remainder when 884098 is divided by 525.
523
What is the remainder when 35627 is divided by 636?
11
What is the remainder when 11787 is divided by 1615?
482
Calculate the remainder when 224997 is divided by 50.
47
What is the remainder when 18214 is divided by 424?
406
Calculate the remainder when 13231 is divided by 17.
5
What is the remainder when 282893 is divided by 122?
97
Calculate the remainder when 3332 is divided by 345.
227
Calculate the remainder when 147915 is divided by 498.
9
Calculate the remainder when 51001 is divided by 7.
6
What is the remainder when 5915690 is divided by 1966?
1962
Calculate the remainder when 45376 is divided by 15108.
52
What is the remainder when 631233 is divided by 210404?
21
Calculate the remainder when 13917 is divided by 30.
27
Calculate the remainder when 10377 is divided by 160.
137
What is the remainder when 56389 is divided by 13?
8
Calculate the remainder when 14928 is divided by 3729.
12
Calculate the remainder when 37909 is divided by 23.
5
What is the remainder when 236842 is divided by 459?
457
What is the remainder when 2911542 is divided by 351?
348
Calculate the remainder when 37860 is divided by 21.
18
Calculate the remainder when 1754 is divided by 29.
14
Calculate the remainder when 3543 is divided by 702.
33
What is the remainder when 989 is divided by 13?
1
Calculate the remainder when 13254 is divided by 13170.
84
What is the remainder when 245359 is 